mmon factor of 98 and p.
14
Let a = 9 - 6. Suppose q - 2 = 5*n, -2*q - 59*n + 55*n = -74. What is the highest common factor of q and a?
3
Suppose 0 = 19*j + 2*j - 1302. What is the greatest common factor of 527 and j?
31
Let r be (-15)/(-35) + 978/21. Let s = r - 35. Calculate the highest common factor of s and 96.
12
Let o(j) be the second derivative of j**4/12 + 4*j**3/3 + 11*j**2/2 - j. Let b be o(-7). What is the greatest common divisor of 4 and b?
4
Suppose -2*s - 32 = -4*s + q, -4*q = 5*s - 80. Let i(n) = 3*n**2 + 31*n - 6. Let v be i(-11). Calculate the highest common factor of v and s.
16
Let g be (9 - 24)*3*-1. Let p = -20 - -20. Suppose p = -2*y + 3*a + 48, 2*y - 4*y + 2*a = -44. What is the highest common factor of y and g?
9
Suppose 50*c = 45*c + 10. Let q be (44/33)/(c/36). Calculate the highest common factor of 3 and q.
3
Let p = -86 - -83. Let u be p/(((-4)/10)/(196/105)). What is the greatest common factor of 98 and u?
14
Suppose -5*d - 766 = -0*p + p, 0 = -4*d + 4*p - 608. Let z be 4/16 + (-2054)/(-8). Let v = d + z. What is the highest common factor of v and 26?
26
Let s(c) = -3 - 2 - 71*c + 6. Let j be s(-1). Let w be (-12)/((-4)/(24/9)). What is the highest common factor of j and w?
8
Let c(m) = m**2 + 8*m - 8. Let k be c(-9). Let l = -7 + 13. Suppose 6 = 8*t - l*t. Calculate the greatest common divisor of t and k.
1
Let m(j) = 167*j + 397. Let x be m(-2). Calculate the greatest common factor of x and 7.
7
Let t = 482 + -313. What is the greatest common divisor of t and 39?
13
Let k be (6/(-15))/(-2*1/10). Suppose -378 = 13*l - 16*l + 2*s, k*l + 5*s - 233 = 0. What is the greatest common divisor of 31 and l?
31
Let s(n) = 2*n**2 - 11*n - 23. Let l(q) = -5*q**2 + 33*q + 68. Let y(v) = 3*l(v) + 8*s(v). Let t be y(9). Calculate the highest common factor of t and 25.
25
Suppose 15*h - 510 = 5*h. Suppose 4*g - 3 = q, 3*q + q + g - 73 = 0. Calculate the greatest common factor of h and q.
17
Let w = -479 + 491. Calculate the highest common factor of w and 228.
12
Let d(o) = -26*o + 9. Let j be d(2). Let q = -6 - j. Calculate the greatest common divisor of q and 37.
37
Suppose 5*z - 10 = 0, 2*w - 6 = -w - 3*z. Let y = 1 + 1. Suppose y*v + v - 21 = w. What is the greatest common divisor of 7 and v?
7
Let h(b) = b**3 + 12*b**2 + 5*b + 26. Let j be h(-12). Let r = j - -35. Calculate the greatest common factor of 5 and r.
1
Let y(s) = 3*s - 17. Let i be y(10). Suppose 0 = o - t - 5, -t - 2*t + i = 4*o. Let r be (-258)/(-8) + (-2)/8. What is the highest common divisor of o and r?
4
Let w(d) = d**2 + 4. Let t be w(-3). Let a be 4*-1*2/4. Let y be (286/(-22))/(a/(-8)*-1). What is the highest common factor of t and y?
13
Let n be -1 + (5 - (-2 + -17 + 3)). Calculate the highest common factor of n and 1030.
10
Let g(r) = 12*r + 12. Suppose 7 = 2*j - 1. Suppose -4*s + 9 = -3*b, -6*s + j*b + 10 = -s. Let u be g(s). What is the greatest common divisor of 28 and u?
28
Let o(q) = 2*q**3 - 28*q**2 + 9*q + 17. Let x be o(14). Suppose -10 = -2*g + 16. What is the highest common divisor of x and g?
13
Let a be (-8)/((-48)/507) - (-1)/(-2). Let u(n) = -n**3 + 6*n**2 - 2*n - 3. Let d be u(4). What is the greatest common divisor of a and d?
21
Let w be ((-644)/84)/(2/(-36)). What is the greatest common divisor of 30 and w?
6
Suppose 6*w + 31 = 103. Suppose f + 32 = 5*f. Calculate the greatest common divisor of w and f.
4
Suppose 0 = 9*a - 12 - 24. Suppose -6*w + 34 = -a*w. Calculate the greatest common divisor of w and 119.
17
Let p be (-6)/(-39) - 1552/(-52). Calculate the greatest common factor of p and 40.
10
Suppose -11*a + 16 = -17. Suppose 3*l + 2*l + 5*c = 0, 0 = 4*l - a*c - 35. Calculate the greatest common factor of 55 and l.
5
Suppose -3*x + 227 + 13 = 0. Let v be 9 + 2 + -6 + 3. Calculate the highest common divisor of x and v.
8
Suppose -w + 1 = 3*j - 10, -3*w + 12 = 2*j. Suppose -176 = -3*i - w*o, 2*o + 141 = -5*i + 429. Calculate the greatest common divisor of i and 14.
14
Let s be (-1)/(3 + -1 + 19/(-9)). Suppose -85 - 140 = -5*p. Calculate the greatest common divisor of p and s.
9
Suppose -196 + 25 = -3*n. Let q be 7 - -28 - (-1 + -2). What is the greatest common divisor of q and n?
19
Suppose 7*y = 5*y - 24. Let p be ((-36)/(-10))/(y/(-30)). What is the greatest common divisor of p and 6?
3
Let g be (63 - -1) + -9 + 11. What is the greatest common divisor of 33 and g?
33
Let d be 4 - (1 + -1) - 24/8. What is the greatest common factor of d and 8?
1
Suppose 4*q + 3*p - p - 22 = 0, 0 = -p + 1. Let j be (q + -8)*(2 + 0). Let d(m) = -6*m - 4. Let t be d(j). What is the highest common factor of t and 4?
4
Let m = 51 - -27. Let d be (-1)/((-6)/m) - 6/(-2). Suppose 2 = k - 14. What is the highest common factor of k and d?
16
Let o be -518*8/(-80)*5. Let r = 34 + 3. Calculate the highest common divisor of o and r.
37
Let p = -23 + 21. Let y be (p/(-3))/((-2)/(-18)). Calculate the greatest common divisor of 6 and y.
6
Let i = 813 + -397. Suppose m + 2*f = 142, 0*m + 4*f - i = -3*m. Calculate the greatest common factor of 12 and m.
12
Let h(b) = b**3 - 21*b**2 - 2*b + 22. Let y be (63/6)/(-7)*-14. Let l be h(y). Let f = l - -32. What is the highest common factor of 18 and f?
6
Let o(b) = 2*b**2 + 3*b + 1. Let p be o(3). Suppose -p = -4*q - u, q + 4*u = -3*q + 28. Calculate the greatest common factor of 49 and q.
7
Suppose -2*g + 55 = -0*g + 5*v, -65 = -4*g - v. What is the greatest common divisor of g and 240?
15
Suppose 12*w - 3*w - 99 = 0. Calculate the greatest common divisor of 385 and w.
11
Let f(q) = -75*q + 2. Let t be f(-1). Suppose 2*v + 20 = 4*r + 58, 3*v - r - t = 0. Let o = -7 + 16. Calculate the highest common factor of o and v.
9
Let j = 419 + -219. What is the greatest common divisor of 160 and j?
40
Let m = -32 - -62. Let h be (-20)/(-25) + (-22)/(-10). Suppose 0 = -4*s + 2*j + 86, 8*s - 94 = h*s - 2*j. What is the highest common factor of s and m?
10
Let r be -12*(16/12 - 1). Let i = -13 - r. Let s be ((-6)/i)/((-4)/(-6)). Calculate the highest common divisor of 8 and s.
1
Let z be (-7)/((-112)/(-276))*-12. Suppose 0 = 15*o - 168 - 177. Calculate the highest common divisor of z and o.
23
Let f = 81 + -77. Let m = f + 26. Calculate the greatest common divisor of m and 24.
6
Let i(q) = q**3 + 4*q**2 - 19*q - 19. Let l be i(-5). What is the highest common factor of l and 85?
17
Let z(o) = -3*o**2 + 4*o - 6*o**2 + o**3 + 3 + 1. Let b be z(9). Let n be b + -8 + (-1 - -2). What is the highest common divisor of 22 and n?
11
Let k be (-9 + 6)/((-51)/340). Calculate the highest common factor of 2700 and k.
20
Suppose -2*d - 84 = -5*i + 72, 2*i - d = 63. Let x = 36 - i. Calculate the highest common factor of 66 and x.
6
Let o(u) be the second derivative of u**3/2 + 5*u**2 - 9*u. Let c be o(-6). Let p be (-2)/c - 62/(-8). Calculate the highest common factor of p and 48.
8
Suppose 180 = 4*j - 4*x, 0 = 5*j + 4*x + 3 - 183. What is the highest common factor of j and 70?
10
Let k(u) = 3*u**2 + 4*u + 5. Let y be k(-3). Let o be (-6)/y*-2*1*25. What is the greatest common factor of o and 60?
15
Suppose 40*g - 3828 = 29*g. Calculate the greatest common divisor of g and 87.
87
Let t(n) be the first derivative of -n**3/3 - 9*n**2/2 - 6*n - 34. Let f be t(-8). Let x = -27 + 45. Calculate the highest common factor of f and x.
2
Let v be -1*(-66)/15 + 2/(-5). Suppose -4*s + v*c = -76, 3*s = -3*c + c + 77. What is the highest common factor of 23 and s?
23
Suppose -7 = -2*x + 5*l + 8, 0 = -5*x - 3*l + 115. Let c be 8/x - (-13)/5. Let j = c - -17. Calculate the highest common factor of 140 and j.
20
Let f be (-12)/15 + 16/20. Suppose f = -3*o + 2*o + 6. Suppose o*m - 60 = -0*m. What is the highest common divisor of 110 and m?
10
Let n be ((-1890)/20)/((-2)/4). Let c be 839/(-5) - 4/20. Let d be 5*(-3 - c/20). Calculate the greatest common divisor of n and d.
27
Let y be (2 - (-5)/2)*80/15. Calculate the greatest common factor of y and 30.
6
Suppose 841 = 19*c - 527. What is the greatest common divisor of c and 16?
8
Let u(q) = -q**3 + 4*q**2 - 3. Let i be u(-3). What is the highest common divisor of 780 and i?
60
Suppose 12*h = 10*h. Suppose 3*r + 10 - 1 = h. Let m be 8*((-21)/(-6) - r). What is the highest common factor of 13 and m?
13
Let r be -1 +